17. Give x(9).
1
Let u(i) = i**3 - 3*i**2 - 4*i + 1. What is u(4)?
1
Let s(n) = -n**3 - 26*n**2 + 27*n - 16. What is s(-27)?
-16
Let j(m) = 5*m**2 + m + 7. Determine j(-3).
49
Let k(m) = -m**2 - 2*m + 5. Give k(-4).
-3
Let r(x) = 14*x**2 - x - 2. Give r(-1).
13
Let d(l) = -l. Give d(7).
-7
Let b(n) = -n**3 + 5*n**2 + 5*n - 14. Give b(5).
11
Let k(n) = n**3 - 13*n**2 + 22*n + 2. What is k(11)?
2
Let m(f) = -f**3 + 6*f**2 - 2*f + 3. Give m(4).
27
Let b(o) = -o - 6. Give b(-8).
2
Let h(c) = c**3 - 5*c**2 + 8*c + 2. Give h(4).
18
Let r(d) = -4*d**2 - 11*d + 58. Calculate r(4).
-50
Let g(f) = -f**2 - 10*f - 19. Calculate g(-6).
5
Let h(z) = z - 2. What is h(-8)?
-10
Let t(k) = 2*k + 21. Determine t(-13).
-5
Let l(z) = -2*z + 26. Determine l(16).
-6
Let s(k) = k**2 + 30*k - 7. Calculate s(-30).
-7
Let v(x) = -x**3 + 13*x**2 - 38*x + 174. What is v(11)?
-2
Let m(g) = -21*g**2 - 3*g + 2. What is m(1)?
-22
Let w(b) = b**2 + 12*b + 14. What is w(-11)?
3
Let g(w) = -4*w**2 - 27*w + 4. Determine g(-7).
-3
Let c(x) = x**2 + 4*x - 92. Give c(0).
-92
Let y(g) = 3*g**2 - 8*g + 10. Give y(5).
45
Let g(x) = 5*x**2 + 1. What is g(1)?
6
Let w(u) = 9*u + 43. Determine w(-6).
-11
Let t(q) = -q**2 - 9*q - 4. What is t(-5)?
16
Let y(d) = d**3 - d**2 - d - 33. Give y(0).
-33
Let o(w) = -3*w**3 + 5*w**2 - 2*w. What is o(3)?
-42
Let p(x) = -10*x + 1. What is p(-1)?
11
Let a(t) = -t**3 + 14*t**2 - t - 18. Determine a(14).
-32
Let r(s) = -39*s + 2. Calculate r(2).
-76
Let w(d) = d + 3. Determine w(-9).
-6
Let v(d) = 4*d + 19. Give v(-8).
-13
Let k(f) = 6*f - 20. Give k(6).
16
Let h(c) = -2*c**2 + 2*c + 2. Give h(3).
-10
Let j(x) = -x + 19. What is j(20)?
-1
Let o(d) = d + 3. Give o(-6).
-3
Let b(x) = x**3 + 15*x**2 + 51*x + 17. Give b(-10).
7
Let w(c) = -3*c - 23. Determine w(-12).
13
Let t(h) = -13*h**3 + h. Give t(1).
-12
Let i(t) = t**3 + 9*t**2 - t - 18. Give i(-9).
-9
Let w(x) = -3*x + 7. What is w(-6)?
25
Let y(i) = -i**3 - 15*i**2 - 11*i + 14. Determine y(-14).
-28
Let l(p) = p**3 - 5*p**2 - 11*p + 45. What is l(5)?
-10
Let s(c) = -c**2 - 4*c + 16. Determine s(-6).
4
Let o(d) = 14*d + 98. Calculate o(-10).
-42
Let f(n) = -5*n + 58. Calculate f(13).
-7
Let f(m) = 5*m**2 - 18*m - 19. Give f(-1).
4
Let u(n) = 4*n - 8. Determine u(11).
36
Let l(r) = 3*r**2 - 2*r + 3. Determine l(3).
24
Let k(r) = r**3 - 3*r**2 - 2*r - 8. Calculate k(4).
0
Let j(u) = 3*u + 7. Determine j(-9).
-20
Let z(p) = 5*p + 26. Calculate z(-6).
-4
Let q(c) = c**2 + 26*c + 32. Give q(-25).
7
Let p(d) = d**3 + 61*d**2 - 330*d - 12. Give p(-66).
-12
Let a(l) = 5*l + 72. Give a(-15).
-3
Let t(s) = -s**3 - 2*s**2 + 62*s - 11. Give t(-9).
-2
Let b(s) = 57*s - 271. Give b(5).
14
Let q(w) = 2*w + 2. Give q(5).
12
Let k(p) = p**2 - 2*p + 6. Give k(6).
30
Let r(v) = -v**3 - 9*v**2 - 6*v + 7. What is r(-8)?
-9
Let d(r) = 4*r + 61. What is d(-18)?
-11
Let x(k) = -k**3 + 7*k**2 + 16*k - 20. Determine x(9).
-38
Let j(i) = i**2 + 6*i - 3. Give j(-5).
-8
Let n(d) = d - 3. What is n(6)?
3
Let z(a) = a**3 - 5*a**2 + a + 10. Calculate z(4).
-2
Let i(x) = x**3 + 9*x**2 + 9*x - 9. Calculate i(-7).
26
Let l(p) = -3*p**2 + 40*p - 7. Determine l(13).
6
Let u(h) = -h**2 - 17*h - 69. What is u(-8)?
3
Let r(c) = 3*c**2 - 102*c - 26. Give r(34).
-26
Let u(q) = 9*q**3 + 9*q - 4. Determine u(2).
86
Let y(m) = m**2 + 25*m + 60. Determine y(-22).
-6
Let u(b) = 4*b - 60. What is u(-7)?
-88
Let g(z) = -2*z**2 + 19*z + 10. What is g(11)?
-23
Let u(s) = -s**3 - 7*s**2 - 5*s - 10. Calculate u(-4).
-38
Let i(w) = 4*w**2 + 25*w - 6. Calculate i(-5).
-31
Let h(q) = -q**2 - 4*q + 4. Calculate h(-8).
-28
Let d(v) = v**2 + 21*v + 124. Determine d(-9).
16
Let l(y) = -y**3 + 4*y**2 + 7*y - 9. Give l(5).
1
Let c(r) = -r**3 - 5*r**2 - r + 11. What is c(-6)?
53
Let q(b) = -b**3 + b**2 + b - 19. What is q(0)?
-19
Let y(q) = 3*q + 7. What is y(-3)?
-2
Let t(d) = 5*d + 40. What is t(-6)?
10
Let a(t) = t**2 + 16*t + 46. What is a(-12)?
-2
Let v(q) = -2*q**2 - 23*q - 17. Calculate v(-11).
-6
Let q(o) = -4*o - 16. What is q(-15)?
44
Let a(t) = -8*t - 1. Determine a(-1).
7
Let l(v) = 25*v - 290. Give l(12).
10
Let u(i) = 29*i - 5. Give u(-3).
-92
Let t(z) = -z**3 + 7*z**2 + 5*z + 12. Give t(8).
-12
Let v(y) = 3*y**2 + y - 30. Give v(-5).
40
Let t(v) = v**3 - 2*v**2 - 24*v + 2. Give t(6).
2
Let j(n) = -2*n**3 + 2*n**2 - 3*n - 37. Determine j(0).
-37
Let d(c) = c**3 + 5*c**2 - 12*c + 5. Calculate d(-7).
-9
Let l(y) = -6*y**3 - 2*y**2 + 3*y + 3. Calculate l(-2).
37
Let n(g) = -35*g - 7. Calculate n(-4).
133
Let y(h) = 7*h - 40. What is y(7)?
9
Let n(f) = -2*f - 19. What is n(-10)?
1
Let v(s) = -4*s - 30. Determine v(-9).
6
Let g(o) = o**3 + 7*o**2 + 8*o - 10. Calculate g(-5).
0
Let u(i) = 2*i**2 + 14*i - 31. What is u(-7)?
-31
Let l(d) = -4*d - 26. Determine l(-8).
6
Let q(c) = 6*c + 2. Calculate q(-8).
-46
Let o(r) = 5*r - 20. Determine o(3).
-5
Let w(d) = -d**2 - 22*d - 118. Determine w(-12).
2
Let l(d) = -d**2 - d + 3. Give l(0).
3
Let p(l) = -l**2 + 8*l - 4. What is p(5)?
11
Let o(h) = -h**3 - 3*h**2 + 2*h + 2. Calculate o(-4).
10
Let w(f) = -5*f**2 + 54*f + 16. What is w(11)?
5
Let c(u) = 2*u - 6. Determine c(10).
14
Let i(o) = -o. What is i(6)?
-6
Let i(z) = -z**3 + 6*z**2. Give i(5).
25
Let r(q) = 2*q - 2. What is r(-10)?
-22
Let u(m) = 3*m**3 + m**2 - 4. Give u(-2).
-24
Let y(c) = -c**3 - 6*c**2 - 3*c + 7. Determine y(-5).
-3
Let v(q) = 8*q - 15. Determine v(10).
65
Let r(f) = -f**2 - 4*f + 14. Determine r(2).
2
Let l(v) = -v**3 - 2*v**2 + 4*v + 4. Calculate l(-3).
1
Let s(y) = 7*y + 105. Calculate s(-15).
0
Let t(g) = 2*g**2 - 2*g - 106. Calculate t(-7).
6
Let p(u) = -u**3 + 4*u**2 - 5*u + 23. What is p(4)?
3
Let u(h) = 14*h + 81. Give u(-6).
-3
Let p(q) = -2*q**3 + 11*q**2 - 2*q - 10. Give p(5).
5
Let t(k) = k**2 + 8*k - 19. What is t(-8)?
-19
Let c(w) = -w**2 - 11*w - 10. Give c(-8).
14
Let c(o) = 2*o + 19. What is c(-11)?
-3
Let r(t) = -t**3 + 6*t**2 - t + 6. What is r(6)?
0
Let q(m) = -3*m - 12. What is q(-4)?
0
Let l(c) = 4*c + 12. Calculate l(6).
36
Let d(h) = h + 4. Determine d(-9).
-5
Let z(j) = -j - 14. Calculate z(6).
-20
Let y(n) = 3*n**2 + 4*n - 19. What is y(3)?
20
Let p(u) = -u**3 - 14*u**2 + 16*u + 11. Determine p(-15).
-4
Let w(z) = -z**3 - 7*z**2 - 2*z + 8. What is w(-6)?
-16
Let i(t) = 8*t + 1. Give i(6).
49
Let n(r) = -5*r**3 - r**2 - 5*r + 7. Give n(1).
-4
Let j(g) = -g**3 - g**2 + 2*g - 3. Give j(-3).
9
Let m(q) = -q**2 + 2*q - 2. Calculate m(-5).
-37
Let f(i) = i**2 + i - 3. What is f(4)?
17
Let o(p) = -31*p - 31. Calculate o(-1).
0
Let s(j) = -j**3 - 48*j**2 - 213*j + 90. Give s(-43).
4
Let h(g) = g**3 - 4*g**2 - 5*g - 10. Calculate h(5).
-10
Let n(o) = -2*o**2 + 50*o - 48. Give n(24).
0
Let b(q) = -q**3 + 2*q**2 - 2*q + 84. Calculate b(5).
-1
Let m(t) = t - 11. What is m(12)?
1
Let g(n) = -173*n + 2245. What is g(13)?
-4
Let t(g) = -14*g + 18. What is t(6)?
-66
Let x(w) = w**3 + 9*w**2 - 20*w + 11. What is x(-11)?
-11
Let g(f) = 2*f - 77. Determine g(-10).
-97
Let q(n) = -n**3 - 16*n**2 - 16*n + 2. What is q(-15)?
17
Let y(n) = -11*n + 39. Determine y(-4).
83
Let w(n) = -4*n**3 - 5*n**2 + 5*n + 1. What is w(2)?
-41
Let x(f) = f**2 + 6*f - 37. Give x(-10).
3
Let n(w) = 4*w**2 + 7*w + 2. Give n(-1).
-1
Let m(x) = x**3 + 13*x**2 + 12*x + 1. Determine m(-12).
1
Let q(h) = 34*h - 98. Determine q(3).
4
Let q(y) = -y**3 - 25*y**2 + y + 31. Determine q(-25).
6
Let b(h) = 2*h**2 + 57*h - 24. Give b(-29).
5
Let l(q) = -q**3 - 8*q**2 - 3*q + 10. Give l(-5).
-50
Let t(p) = -p**2 - p + 31. Give t(-6).
1
Let f(k) = k**3 - 14*k**2 - 8*k + 5. Determine f(15).
110
Let k(a) = a**3 + 26*a**2 + 26*a + 24. Give k(-25).
-1
Let u(g) = -71*g + 51. What is u(1)?
-20
Let l(u) = -u**2 - 11*u - 21. Give l(-7).
7
Let s(c) = -c**2 + 8*c + 1. Determine s(4).
17
Let c(j) = -2*j - 17. What is c(-13)?
9
Let d(q) = q**2 + 25*q + 66. Give d(-3).
0
Let o(c) = -24*c - 139. Determine o(-6).
5
Let c(j) = -2*j + 21. Calculate c(7).
7
Let d(x) = -4*x**2 - 40*x - 14. Give d(-9).
22
Let k(n) = -n**3 + 6*n**2 - 3*n - 4. Calculate k(5).
6
Let s(m) = -m**2 + 13*m - 13. Determine s(13).
-13
Let o(v) = 4*v**3 - v**2 - 2*v + 2. Calculate o(2).
26
Let r(c) = -2*c**2 + 9*c - 18. Calculate r(7).
-53
Let w(z) = z**2 - 3*z - 9. What is w(-3)?
9
Let l(b) = -b**2 + 15*b - 